t r = b + f. Calculate the remainder when r is divided by 22.
19
Let u = -204 + 208. Calculate the remainder when 165 is divided by 36/(-10) + u + 519/15.
25
Suppose 4*m = -m + 120. Let y = 5367 - 5080. Calculate the remainder when y is divided by m.
23
Let j = -191364 + 191382. Suppose 741 = i + 2*i. Calculate the remainder when i is divided by j.
13
Suppose 5*a = l - 3*l + 15, 2*l - a = 21. Suppose -28685 - 43854 = -251*n. Calculate the remainder when n is divided by l.
9
Suppose 2*m + 22 = -5*w, 17*m + 2*w = 21*m + 44. What is the remainder when 314 is divided by 22/121 + (-383)/m?
34
What is the remainder when 341 is divided by (575/15)/(45/81)?
65
Let y(p) = 362*p + 1457. Calculate the remainder when 8753 is divided by y(-4).
5
Let q(d) = 224*d - 2361. Calculate the remainder when q(11) is divided by 94.
9
Let u(n) = n**2 + 13*n - 6. Let v be u(-15). Suppose -v*p = -26*p + 12. Calculate the remainder when 22 is divided by p.
4
Suppose r = 3*z - 1 + 13, -10 = 2*z. Let s(m) = m**3 + 6*m**2 - 5*m - 18. Calculate the remainder when s(r) is divided by 80/6 + (-4)/(-6).
10
Let f be -1 + 0 + (7 + -7 - -3). What is the remainder when 198 is divided by (-300)/(-135)*45/f?
48
Let p = -266 - -381. Calculate the remainder when p is divided by ((-2)/2*29)/(-1).
28
Let h = 28074 + -16772. What is the remainder when h is divided by 35?
32
Let y = -170 + 171. Calculate the remainder when 18 is divided by -2 + -2*(y + -6).
2
Let f(o) = 2*o + 30. Let r be f(-15). Suppose r = -4*m - 8*h + 5*h - 257, 2*h + 194 = -3*m. Let z = 72 + m. Calculate the remainder when 35 is divided by z.
3
Let c = 244 + -247. What is the remainder when c*1/(-6)*118 is divided by 16?
11
Suppose -12*k - 40 = -4. Let h = -1 - k. Calculate the remainder when (-5)/h*136/(-5) is divided by 23.
22
Suppose 55*s - 20683 - 22446 = -13484. What is the remainder when s is divided by 178?
5
Let y(b) = 17*b - 30 - 32 + 55 - 40*b. Calculate the remainder when y(-3) is divided by -1*11*(-93 - -91).
18
Let f = -7757 + 8146. What is the remainder when f is divided by 22?
15
Calculate the remainder when (-16 - (-432)/32)*-60 is divided by 8.
6
Let z be (-14)/(-63) + (-172)/(-36). Suppose -z*n = -5*o + 225, -5*n - 15 = -0*n. Calculate the remainder when 81 is divided by o.
39
Let l(v) = v**3 + 8*v**2 - 13*v + 9. Let r be l(-7). Suppose 6*f + 35 - r = 0. Calculate the remainder when 22 is divided by f.
3
Suppose 3 = 3*y + 4*r, y + 1 = -5*r + 3*r. Suppose -5*q = 4*a + 1132, -y*q - 1189 = -2*a - 45. Let p = -31 - q. Calculate the remainder when p is divided by 40.
37
Suppose 0 = 5*m - 2 - 8. Suppose -4 = -m*o, -184 = -2*t - 3*t - 2*o. What is the remainder when 178 is divided by t?
34
Suppose 0 = -2*t - t + 456. Suppose 706*p + 9129 = 1146*p - 8031. What is the remainder when t is divided by p?
35
Suppose -4*m + 8 = 0, -2*y - m + 257 = y. Suppose b = u + 22, -u + 6*u + 118 = 3*b. Let r = u + 48. What is the remainder when y is divided by r?
19
Calculate the remainder when 780 - (9 - (13 + -9)) is divided by 10.
5
Let l = 10 + 8. Suppose -433*z - 10 = -435*z. Calculate the remainder when l is divided by z.
3
Let w(q) = -377*q. Suppose -8*z = -p - 126, -3*p + 13 = -99*z + 98*z. Calculate the remainder when w(-1) is divided by p.
7
Let v = 21 + 8. Suppose 7*n + 112 = 23*n. Suppose -4*f + v = d, -n - 37 = -d + f. Calculate the remainder when 80 is divided by d.
39
Let o = 99 - -50. Suppose 2*v + 2*f + 106 = 6*v, 0 = -5*v - 3*f + o. What is the remainder when 220 is divided by v?
24
Suppose 3*x = -4*a + 33 - 1, a - 5 = 0. Let h = -1 + x. Let o(k) = 5*k**2 - 6*k + 5. Calculate the remainder when o(h) is divided by 12.
8
Let v(h) = -3*h + 16. Let y be (((-6)/4)/1)/(3/8). Let q = 150 - 40. Calculate the remainder when q is divided by v(y).
26
Suppose -4*s + 110 = -2. Let j = -40036 + 40084. What is the remainder when j is divided by s?
20
Suppose -8*z + 3*z = -m - 122, 0 = -z - 2*m + 20. Calculate the remainder when ((-172)/(-3))/(z/36) is divided by 58/(-3 + 3 + 2).
28
Suppose 5*b - 21*y - 420 = -16*y, -b = 3*y - 84. What is the remainder when 2519 is divided by b?
83
Suppose -a + 18 = 17. Suppose i = 3*b + 22, -2 + a = 2*i + 3*b. Calculate the remainder when 68 is divided by i.
5
Suppose 42*k - 817 = 23. What is the remainder when k is divided by ((-320)/(-25) - -5) + 3/15?
2
Suppose 0 = -15*p + 22 + 98. Suppose -7*h + p*h = 28. Calculate the remainder when 111 is divided by h.
27
Let f(s) = -2*s + 2. Let a be f(-5). Let v = a + 15. Suppose 1959 = 22*b + 287. Calculate the remainder when b is divided by v.
22
Let w = -1264 + 1296. Calculate the remainder when 319 is divided by w.
31
Suppose -3286 = -68*s + 67*s + u, 4*s + 3*u - 13116 = 0. Calculate the remainder when s is divided by 67.
66
Suppose 0 = 6*o - 8*o + 302. Let m = -147 - -198. What is the remainder when o is divided by m?
49
Suppose -119*i = -30*i - 76 - 2327. What is the remainder when 1103 is divided by i?
23
Let g = -103 - -106. Suppose 0 = -g*c + 11*c - 48. What is the remainder when 65 is divided by c?
5
What is the remainder when 4/(-18)*(-529 - -502) is divided by 0/(-2) + 1 - -3?
2
Let u = 102 + -26. Let b(n) = -n**3 + 30*n**2 + 73*n - 58. Calculate the remainder when b(32) is divided by u.
2
Calculate the remainder when (43 + -47)/((-2271)/2265 - (-4 + 3)) is divided by 3.
1
Let w = 27 + -19. Let n be ((-140)/(-21))/((-2)/(-36)). Suppose 54 = 6*x - n. Calculate the remainder when x is divided by w.
5
What is the remainder when 350 is divided by ((-210)/126)/(5/(-939))?
37
Let x(d) = 2*d**3 + 5*d**2 + 3*d + 15. Let o be x(-6). Let b = o + 263. Calculate the remainder when 86 is divided by b.
6
Let j = 84 - -151. What is the remainder when j is divided by 63?
46
Let s(c) = 48*c**2 - 16*c + 14. Let y be (-9)/(-7) - (216/(-28) - -8). Calculate the remainder when s(y) is divided by 11.
2
Let u = 235 + -41. Suppose -250 = -u*m + 189*m. Calculate the remainder when m is divided by 21.
8
Suppose 0 = -m - y + 1, -m + y + 11 = m. Suppose h = m*x - 145, 5*x + 4*h = 2*h + 191. Calculate the remainder when x - 0 - (2 + -4) is divided by 10.
9
Suppose -7*o - 916 = 1926. Let q = -387 - o. What is the remainder when 75 is divided by q?
18
Let z(p) = -p**3 + 6*p**2 - 11. Let n be z(6). Let g be (-16)/88 + (-46)/n. Calculate the remainder when (-215)/(-10) + 3 + (-14)/g is divided by 12.
9
Calculate the remainder when (6/6)/(((-14)/(-3534))/7) is divided by 15.
12
Let t(b) = 4*b - 36. Suppose -30*f + 12 = -26*f. Calculate the remainder when (f + 0)/((-27)/36) - -50 is divided by t(12).
10
Suppose -p - 2*j = -144, 0*p - 2*p + 286 = 2*j. Let w = -119 + p. Calculate the remainder when 89 is divided by w.
20
Let p(d) = d**3 - 7*d**2 + 9*d - 6. Let g be p(6). Suppose -3 + 99 = g*k. What is the remainder when 15 is divided by k?
7
Let u(q) = -3*q + 26*q**2 - q + 10*q**2 - 5 + q**2. Let a be u(-1). Suppose -34*n = -a*n + 22. What is the remainder when 20 is divided by n?
9
Let o = -517 - -539. Calculate the remainder when 213 is divided by o.
15
Let p = -61 + 62. Let z be 1/(p*(-1)/26). What is the remainder when -2 + 996/52 + 4/z is divided by 6?
5
Let b(j) = 80*j + 1425. Calculate the remainder when 1242 is divided by b(-17).
7
Suppose 6543 + 6469 = 118*u - 65*u + 1299. Calculate the remainder when u is divided by 2/(-2 + 92/45).
41
Let l = -2 - -25. Let v be (-11)/(4/(-22) - (-49)/(-154)). Let f = v + -14. What is the remainder when l is divided by f?
7
Suppose -4*y - 6*t + 412 = -2*t, 0 = 2*t - 12. What is the remainder when y is divided by 25?
22
Let s(o) = -o**2 + 20*o - 24. Let g be s(18). Suppose 6*k - g = 2*k. What is the remainder when 4/k*(-2 + 2 + 6) is divided by 7?
1
Suppose 0 = 2*d - 4, 5*b - 2*d = 8*b - 21088. What is the remainder when b is divided by 79?
76
Let x(z) = 160*z**2 - 8*z - 161*z**2 - 17 + 7*z - 12*z. What is the remainder when 67 is divided by x(-4)?
10
Let x(r) = 2*r**2 - 7*r - 6. Suppose -222 = -95*y + 823. What is the remainder when x(7) is divided by y?
10
Let j = 578 + 310. Let v be (-6)/(-10) + (j/20 - 4). Suppose -2*a - 23 = -5*o + v, a - 10 = -o. What is the remainder when 33 is divided by o?
9
What is the remainder when 14/245 + (-145488)/(-735) is divided by 37?
13
Suppose 2*q - 27 = -9*g + 12*g, 0 = 4*q - g - 69. Calc